{"id":36,"date":"2014-06-15T06:59:11","date_gmt":"2014-06-15T06:59:11","guid":{"rendered":"http:\/\/www.ingeborgringer.com.ar\/?page_id=36"},"modified":"2014-06-24T04:15:54","modified_gmt":"2014-06-24T04:15:54","slug":"comentario","status":"publish","type":"page","link":"https:\/\/www.ingeborgringer.com.ar\/index.php\/comentario\/","title":{"rendered":"Comentario"},"content":{"rendered":"<p>Si alguna vez existieron dudas respecto a la calificaci\u00f3n de la cer\u00e1mica como arte mayor, estas quedaron definitivamente superadas por Pablo Picasso quien produjo en esa t\u00e9cnica algunas de sus obras mas bellas.<br \/>\nDe no haber sido as\u00ed, aqu\u00ed est\u00e1n las obras de Ingeborg Ringer para reiterarlo.<br \/>\nArtista argentina, formada por su padre, eminente pintor, Ingeborg se resiste a las clasificaciones y a las preguntas que procuran embretarla, contesta con natural sinceridad: \u201cYo no sigo a la moda, me sigo a mi\u201d.<br \/>\nEs que su obra expresionista, en t\u00e9rminos generales, es de rara y rica complejidad. Figuras policromadas en cer\u00e1mica se combinan con maderas pintadas, creando un clima sin parentesco; tal vez en algunos casos se la podr\u00eda poner a la par con ese otro \u201craro\u201d que es el escultor Distefano, trabajando en materiales muy diversos. El parentesco est\u00e1, como digo m\u00e1s en la \u201crareza\u201d que en la afinidad formal.<br \/>\nLas im\u00e1genes de Ingeborg son inquietantes, por momentos ello se debe al comentario social que encierran, pero a\u00fan cuando ello no fuera as\u00ed, permanecer\u00edan como motivo desafiante frente al espectador.<br \/>\nSe trata de im\u00e1genes que quedan grabadas en la mente, que es una de las mayores pruebas de autenticidad. La memoria pierde la calma para ingresar a este mundo impactante a\u00fan cuando la artista declare que: \u201cNo la asusta el dolor, ni lo ve como drama, sino como algo cotidiano\u201d. Nos dice: \u201cLos marcos de estos personajes, por ejemplo, se refieren a la vanidad, a lo absurdo que es sostener el marco donde est\u00e1 el propio retrato, pero no s\u00e9 como lo vean los dem\u00e1s\u201d.<br \/>\nMal puede sorprendernos que obras de tan rara perfecci\u00f3n formal, cargadas de sentido, hayan merecido las m\u00e1s altas distinciones que otorga el pa\u00eds, as\u00ed como en el exterior. La lista de exposiciones y premios es largu\u00edsima; preferimos dejarla para otro tipo de recopilaci\u00f3n.<br \/>\nA nosotros nos basta anotar que en el caso de Ingeborg Ringer se trata de reconocimientos que nos dicen de un consenso por parte de los entendidos, que la colocan m\u00e1s all\u00e1 de cuestionamientos, que en su caso ser\u00edan rid\u00edculos y caprichosos.<\/p>\n<p>Rafael Squirru<br \/>\nBuenos Aires 1998<\/p>\n","protected":false},"excerpt":{"rendered":"<p>Si alguna vez existieron dudas respecto a la calificaci\u00f3n de la cer\u00e1mica como arte mayor, estas quedaron definitivamente superadas por Pablo Picasso quien produjo en esa t\u00e9cnica algunas de sus obras mas bellas. De no haber sido as\u00ed, aqu\u00ed est\u00e1n las obras de Ingeborg Ringer para reiterarlo. Artista argentina, formada por su padre, eminente pintor, [&hellip;]<\/p>\n","protected":false},"author":1,"featured_media":0,"parent":0,"menu_order":0,"comment_status":"closed","ping_status":"closed","template":"","meta":{"ngg_post_thumbnail":0,"footnotes":""},"class_list":["post-36","page","type-page","status-publish","hentry"],"_links":{"self":[{"href":"https:\/\/www.ingeborgringer.com.ar\/index.php\/wp-json\/wp\/v2\/pages\/36","targetHints":{"allow":["GET"]}}],"collection":[{"href":"https:\/\/www.ingeborgringer.com.ar\/index.php\/wp-json\/wp\/v2\/pages"}],"about":[{"href":"https:\/\/www.ingeborgringer.com.ar\/index.php\/wp-json\/wp\/v2\/types\/page"}],"author":[{"embeddable":true,"href":"https:\/\/www.ingeborgringer.com.ar\/index.php\/wp-json\/wp\/v2\/users\/1"}],"replies":[{"embeddable":true,"href":"https:\/\/www.ingeborgringer.com.ar\/index.php\/wp-json\/wp\/v2\/comments?post=36"}],"version-history":[{"count":2,"href":"https:\/\/www.ingeborgringer.com.ar\/index.php\/wp-json\/wp\/v2\/pages\/36\/revisions"}],"predecessor-version":[{"id":57,"href":"https:\/\/www.ingeborgringer.com.ar\/index.php\/wp-json\/wp\/v2\/pages\/36\/revisions\/57"}],"wp:attachment":[{"href":"https:\/\/www.ingeborgringer.com.ar\/index.php\/wp-json\/wp\/v2\/media?parent=36"}],"curies":[{"name":"wp","href":"https:\/\/api.w.org\/{rel}","templated":true}]}}