{"id":40,"date":"2014-06-15T06:59:47","date_gmt":"2014-06-15T06:59:47","guid":{"rendered":"http:\/\/www.ingeborgringer.com.ar\/?page_id=40"},"modified":"2022-10-26T15:45:46","modified_gmt":"2022-10-26T15:45:46","slug":"trayectoria","status":"publish","type":"page","link":"https:\/\/www.ingeborgringer.com.ar\/index.php\/trayectoria\/","title":{"rendered":"Trayectoria"},"content":{"rendered":"<p>NOMINACIONES<\/p>\n<p>1964 Ford Foundation of international education<br \/>\nACADEMIE INTERNATIONAL DE LA CERAMIQUE<br \/>\nGinebra, Suiza, como miembro titular a partir del 17 de Julio de 1971.<br \/>\n1983 SECRETARIA DE CULTURA DE LA NACION<br \/>\nBecada por haber obtenido el Gran Premio de Honor en el VII Sal\u00f3n Nacional de Arte Cer\u00e1mico<br \/>\n1992 PREMIOS KONEX DE PLATINO, como mejor artista de su disciplina de la d\u00e9cada<br \/>\n2022 Personalidad Ilustre nominada por la Legislatura de la ciudad de Buenos Aires&nbsp;<br \/>\n2022 Nombrada MIEMBRO EMERITO de la ACADEMIE INTERNATIONAL DE LA CERAMIQUE Ginebra, Suiza<\/p>\n<p>PREMIOS<\/p>\n<p>1961 Primer premio Sal\u00f3n anual de cer\u00e1mica art\u00edstica<br \/>\n1962. Primer premio y medalla de oro &#8220;International Exhibit&#8221;, Praga, Checoslovaquia.<br \/>\n1963. Primer premio y medalla de plata &#8220;9th International Ceramic Exhibition&#8221;, Washington D.C.<br \/>\n1963 Primer premio exposici\u00f3n Nacional Cer\u00e1mica Contempor\u00e1nea, Bs. As., Argentina<br \/>\n1972 Primer premio Primer premio XV Sal\u00f3n Anual de Cer\u00e1mica Art\u00edstica, Bs.As., Argentina<br \/>\n1976. Primer premio &#8220;Primer Sal\u00f3n Nacional de Arte Cer\u00e1mico&#8221;, Buenos Aires, Argentina.<br \/>\n1980. Primer premio &#8220;XXIII Sal\u00f3n Anual de Cer\u00e1mica Art\u00edstica&#8221; (Escultura), Buenos Aires, Argentina.<br \/>\n1982. Designada por los &#8220;PREMIOS KONEX&#8221; diploma al m\u00e9rito<br \/>\n1983. Gran Premio de Honor &#8220;V Sal\u00f3n Nacional de Arte Cer\u00e1mico&#8221;, Buenos Aires, Argentina.<br \/>\n1983. Invitada de honor San Carlos de Bariloche , Salon Nacional<br \/>\n1985. Gran Premio de Honor &#8220;II Sal\u00f3n Nacional de Cer\u00e1mica&#8221;, San Carlos de Bariloche, Argentina.<br \/>\n1985 Invitada de honor en el Sal\u00f3n Nacional de Cer\u00e1mica, Bs. As. , Argentina<br \/>\n1987. Primer Premio XXX Sal\u00f3n Anual de Arte Cer\u00e1mico&#8221;, Buenos Aires, Argentina.<br \/>\n1992. PREMIOS KONEX DE PLATINO, como mejor artista de su disciplina de la \u00faltima d\u00e9cada<\/p>\n<p>EXPOSICIONES INDIVIDUALES<\/p>\n<p>Expone desde 1961 en Argentina<br \/>\n1992. Carone Gallery, Fort Lauderdale, Florida, U.S.A.<br \/>\n1993. Galer\u00eda Botello, San Juan de Puerto Rico.<br \/>\n1994. Galer\u00eda Borxas, Lima, Peru.<\/p>\n<p>EXPOSICIONES COLECTIVAS<\/p>\n<p>Desde 1958 en el pa\u00eds<br \/>\n1961. Museo de Arte Moderno , R\u00edo de Janeiro, Brasil.<br \/>\n1962. institute Nacional de Bellas Artes, Ciudad de M\u00e9xico, M\u00e9xico.<br \/>\n1963. Bienal de Punta del Este , Uruguay.<br \/>\n1964. Primer Congreso Internacional de Arte, Columbia University, New York, U.S.A.<br \/>\n1972. Victoria and Albert Museum, London, England.<br \/>\n1975. Simposio Internacional de Ceramica, Tennessee, U.S.A.<br \/>\n1992. Art Miami 92, International Art Exposition, Florida, U.S.A.<br \/>\n1999. Arte BA, Galer\u00eda Renoir, Buenos Aires, Argentina.<br \/>\n2002. Arte BA, Galer\u00eda Renoir, Buenos Aires, Argentina.<br \/>\n2002. Expotrastiendas II, C. C. Borges, Galer\u00eda Renoir, Buenos Aires, Argentina.<br \/>\n2003. Arte BA, Galer\u00eda Renoir, Buenos Aires, Argentina.<\/p>\n","protected":false},"excerpt":{"rendered":"<p>NOMINACIONES 1964 Ford Foundation of international education ACADEMIE INTERNATIONAL DE LA CERAMIQUE Ginebra, Suiza, como miembro titular a partir del 17 de Julio de 1971. 1983 SECRETARIA DE CULTURA DE LA NACION Becada por haber obtenido el Gran Premio de Honor en el VII Sal\u00f3n Nacional de Arte Cer\u00e1mico 1992 PREMIOS KONEX DE PLATINO, como [&hellip;]<\/p>\n","protected":false},"author":1,"featured_media":0,"parent":0,"menu_order":0,"comment_status":"closed","ping_status":"closed","template":"","meta":{"ngg_post_thumbnail":0,"footnotes":""},"class_list":["post-40","page","type-page","status-publish","hentry"],"_links":{"self":[{"href":"https:\/\/www.ingeborgringer.com.ar\/index.php\/wp-json\/wp\/v2\/pages\/40","targetHints":{"allow":["GET"]}}],"collection":[{"href":"https:\/\/www.ingeborgringer.com.ar\/index.php\/wp-json\/wp\/v2\/pages"}],"about":[{"href":"https:\/\/www.ingeborgringer.com.ar\/index.php\/wp-json\/wp\/v2\/types\/page"}],"author":[{"embeddable":true,"href":"https:\/\/www.ingeborgringer.com.ar\/index.php\/wp-json\/wp\/v2\/users\/1"}],"replies":[{"embeddable":true,"href":"https:\/\/www.ingeborgringer.com.ar\/index.php\/wp-json\/wp\/v2\/comments?post=40"}],"version-history":[{"count":7,"href":"https:\/\/www.ingeborgringer.com.ar\/index.php\/wp-json\/wp\/v2\/pages\/40\/revisions"}],"predecessor-version":[{"id":285,"href":"https:\/\/www.ingeborgringer.com.ar\/index.php\/wp-json\/wp\/v2\/pages\/40\/revisions\/285"}],"wp:attachment":[{"href":"https:\/\/www.ingeborgringer.com.ar\/index.php\/wp-json\/wp\/v2\/media?parent=40"}],"curies":[{"name":"wp","href":"https:\/\/api.w.org\/{rel}","templated":true}]}}